{"id":2,"date":"2021-06-05T13:28:27","date_gmt":"2021-06-05T13:28:27","guid":{"rendered":"http:\/\/joannaunddavid.ch\/Morenturm\/wordpress\/?page_id=2"},"modified":"2023-09-11T16:57:04","modified_gmt":"2023-09-11T16:57:04","slug":"beispiel-seite","status":"publish","type":"page","link":"https:\/\/www.morenturm.ch\/","title":{"rendered":"Ein Turm mit langer Geschichte"},"content":{"rendered":"\n<p>Ruhe. Kraft. Entspannung. Engadiner Sonne. Ein Turm \u2013 Ihr idealer R\u00fcckzugsort.<\/p>\n\n\n\n<figure class=\"wp-block-image size-large is-style-default\"><img loading=\"lazy\" decoding=\"async\" width=\"1024\" height=\"768\" src=\"https:\/\/www.morenturm.ch\/wp-content\/uploads\/2022\/05\/IMG_7691-1024x768.jpg\" alt=\"\" class=\"wp-image-306\" srcset=\"https:\/\/www.morenturm.ch\/wp-content\/uploads\/2022\/05\/IMG_7691-1024x768.jpg 1024w, https:\/\/www.morenturm.ch\/wp-content\/uploads\/2022\/05\/IMG_7691-300x225.jpg 300w, https:\/\/www.morenturm.ch\/wp-content\/uploads\/2022\/05\/IMG_7691-768x576.jpg 768w, https:\/\/www.morenturm.ch\/wp-content\/uploads\/2022\/05\/IMG_7691-1536x1152.jpg 1536w, https:\/\/www.morenturm.ch\/wp-content\/uploads\/2022\/05\/IMG_7691-2048x1536.jpg 2048w, https:\/\/www.morenturm.ch\/wp-content\/uploads\/2022\/05\/IMG_7691-1568x1176.jpg 1568w\" sizes=\"auto, (max-width: 1024px) 100vw, 1024px\" \/><\/figure>\n\n\n\n<div class=\"wp-block-group\"><div class=\"wp-block-group__inner-container is-layout-flow wp-block-group-is-layout-flow\"><\/div><\/div>\n\n\n\n<figure class=\"wp-block-pullquote\"><blockquote><p>\u00abNicht weit von diesem Schlosz Wildenberg steht auch noch der alte veste Thurn der Moren, welche der Gemeind zur Verwahrung ihres Gelds, Munition und Schriften dienet, auch bey sich begebende Occasionen zu einer Gef\u00e4ngnus. Dieser Thurn soll under der Erde beynache so tief seyn, als ob der Erden.\u00bb<\/p><cite>Nicolin Sererhard, Einfalte Delineation, Eine B\u00fcndner Chronik aus dem fr\u00fchen 18. Jahrhundert<\/cite><\/blockquote><\/figure>\n\n\n\n<p>So beschrieb der Historiker Nicolin Sererhard den Morenturm im 18. Jahrhundert. Das genaue Baujahr des Turmes ist nicht bekannt. Vermutlich wurde er Mitte des 13. Jahrhunderts von der Familie Moor erstellt und ist damit \u00e4lter als die Eidgenossenschaft. Noch um 1570 wurde er von einem Albert Moor bewohnt. Danach wurde er dem Verfall preisgegeben und sp\u00e4ter von der Gemeinde \u00fcbernommen. Wie weit die Fundamente tats\u00e4chlich in den Boden reichen, darf der Fantasie \u00fcberlassen werden, ebenso die Legende des unterirdischen Verbindungsganges zum Schloss Planta von Wildenberg. Bekannt und zug\u00e4nglich sind die historischen Kellergew\u00f6lbe mit den nur von oben zug\u00e4nglichen Verliessen. Ausserdem charakteristisch ist der Absatz in der Aussenwand, der von einem Wiederaufbau ab dieser H\u00f6he zeugt und auch heute noch im Innern erkennbar ist.<\/p>\n\n\n<div class=\"wp-block-image\">\n<figure class=\"aligncenter size-full\"><img loading=\"lazy\" decoding=\"async\" width=\"550\" height=\"472\" src=\"https:\/\/www.morenturm.ch\/wp-content\/uploads\/2022\/02\/Plan_Burgenbuch.jpg\" alt=\"\" class=\"wp-image-165\" srcset=\"https:\/\/www.morenturm.ch\/wp-content\/uploads\/2022\/02\/Plan_Burgenbuch.jpg 550w, https:\/\/www.morenturm.ch\/wp-content\/uploads\/2022\/02\/Plan_Burgenbuch-300x257.jpg 300w\" sizes=\"auto, (max-width: 550px) 100vw, 550px\" \/><figcaption class=\"wp-element-caption\">Grundriss und Querschnitt, Quelle: Burgenbuch Graub\u00fcnden<\/figcaption><\/figure>\n<\/div>\n\n\n<p>Weiter Informationen zur Baugeschichte auf <a href=\"https:\/\/www.burgenwelt.org\/schweiz\/dalsmors\/object.php\" target=\"_blank\" rel=\"noreferrer noopener\">Burgenwelt.org<\/a><\/p>\n\n\n\n<p><\/p>\n\n\n\n<p>Seit 1959 befindet sich der Turm wiederum in privatem Familienbesitz und wurde in verschiedenen Etappen sorgf\u00e4ltig renoviert. Tauchen Sie ein in die historische Atmosph\u00e4re und geniessen Sie erholsame und inspirierende Tage im Engadin!<\/p>\n\n\n\n<div class=\"wp-block-columns is-layout-flex wp-container-core-columns-is-layout-9d6595d7 wp-block-columns-is-layout-flex\">\n<div class=\"wp-block-column is-layout-flow wp-block-column-is-layout-flow\">\n<figure class=\"wp-block-image size-full\"><a href=\"https:\/\/www.morenturm.ch\/wp-content\/uploads\/2022\/02\/grafik-4.png\"><img loading=\"lazy\" decoding=\"async\" width=\"684\" height=\"912\" src=\"https:\/\/www.morenturm.ch\/wp-content\/uploads\/2022\/02\/grafik-4.png\" alt=\"\" class=\"wp-image-210\" srcset=\"https:\/\/www.morenturm.ch\/wp-content\/uploads\/2022\/02\/grafik-4.png 684w, https:\/\/www.morenturm.ch\/wp-content\/uploads\/2022\/02\/grafik-4-225x300.png 225w\" sizes=\"auto, (max-width: 684px) 100vw, 684px\" \/><\/a><\/figure>\n<\/div>\n\n\n\n<div class=\"wp-block-column is-layout-flow wp-block-column-is-layout-flow\">\n<figure class=\"wp-block-image size-full\"><img loading=\"lazy\" decoding=\"async\" width=\"684\" height=\"913\" src=\"https:\/\/www.morenturm.ch\/wp-content\/uploads\/2022\/02\/grafik-5.png\" alt=\"\" class=\"wp-image-211\" srcset=\"https:\/\/www.morenturm.ch\/wp-content\/uploads\/2022\/02\/grafik-5.png 684w, https:\/\/www.morenturm.ch\/wp-content\/uploads\/2022\/02\/grafik-5-225x300.png 225w\" sizes=\"auto, (max-width: 684px) 100vw, 684px\" \/><\/figure>\n<\/div>\n\n\n\n<div class=\"wp-block-column is-layout-flow wp-block-column-is-layout-flow\">\n<figure class=\"wp-block-image size-full\"><img loading=\"lazy\" decoding=\"async\" width=\"682\" height=\"910\" src=\"https:\/\/www.morenturm.ch\/wp-content\/uploads\/2022\/02\/grafik-6.png\" alt=\"\" class=\"wp-image-212\" srcset=\"https:\/\/www.morenturm.ch\/wp-content\/uploads\/2022\/02\/grafik-6.png 682w, https:\/\/www.morenturm.ch\/wp-content\/uploads\/2022\/02\/grafik-6-225x300.png 225w\" sizes=\"auto, (max-width: 682px) 100vw, 682px\" \/><\/figure>\n<\/div>\n<\/div>\n\n\n\n<div class=\"wp-block-columns is-layout-flex wp-container-core-columns-is-layout-9d6595d7 wp-block-columns-is-layout-flex\">\n<div class=\"wp-block-column is-layout-flow wp-block-column-is-layout-flow\">\n<figure class=\"wp-block-image size-large\"><img loading=\"lazy\" decoding=\"async\" width=\"768\" height=\"1024\" src=\"https:\/\/www.morenturm.ch\/wp-content\/uploads\/2022\/05\/IMG_6954-768x1024.jpg\" alt=\"Eingang\" class=\"wp-image-249\" srcset=\"https:\/\/www.morenturm.ch\/wp-content\/uploads\/2022\/05\/IMG_6954-768x1024.jpg 768w, https:\/\/www.morenturm.ch\/wp-content\/uploads\/2022\/05\/IMG_6954-225x300.jpg 225w, https:\/\/www.morenturm.ch\/wp-content\/uploads\/2022\/05\/IMG_6954-1152x1536.jpg 1152w, https:\/\/www.morenturm.ch\/wp-content\/uploads\/2022\/05\/IMG_6954-1536x2048.jpg 1536w, https:\/\/www.morenturm.ch\/wp-content\/uploads\/2022\/05\/IMG_6954-1568x2091.jpg 1568w, https:\/\/www.morenturm.ch\/wp-content\/uploads\/2022\/05\/IMG_6954-scaled.jpg 1920w\" sizes=\"auto, (max-width: 768px) 100vw, 768px\" \/><\/figure>\n<\/div>\n\n\n\n<div class=\"wp-block-column is-layout-flow wp-block-column-is-layout-flow\">\n<figure class=\"wp-block-image size-full\"><img loading=\"lazy\" decoding=\"async\" width=\"576\" height=\"768\" src=\"https:\/\/www.morenturm.ch\/wp-content\/uploads\/2022\/05\/Turm_MuntBaselgia.jpg\" alt=\"\" class=\"wp-image-307\" srcset=\"https:\/\/www.morenturm.ch\/wp-content\/uploads\/2022\/05\/Turm_MuntBaselgia.jpg 576w, https:\/\/www.morenturm.ch\/wp-content\/uploads\/2022\/05\/Turm_MuntBaselgia-225x300.jpg 225w\" sizes=\"auto, (max-width: 576px) 100vw, 576px\" \/><\/figure>\n<\/div>\n\n\n\n<div class=\"wp-block-column is-layout-flow wp-block-column-is-layout-flow\">\n<figure class=\"wp-block-image size-full\"><img loading=\"lazy\" decoding=\"async\" width=\"768\" height=\"1024\" src=\"https:\/\/www.morenturm.ch\/wp-content\/uploads\/2022\/05\/IMG_7899-1.jpg\" alt=\"\" class=\"wp-image-305\" srcset=\"https:\/\/www.morenturm.ch\/wp-content\/uploads\/2022\/05\/IMG_7899-1.jpg 768w, https:\/\/www.morenturm.ch\/wp-content\/uploads\/2022\/05\/IMG_7899-1-225x300.jpg 225w\" sizes=\"auto, (max-width: 768px) 100vw, 768px\" \/><\/figure>\n<\/div>\n<\/div>\n\n\n\n<p>Und so sieht&#8217;s aus: zur <a href=\"https:\/\/www.morenturm.ch\/index.php\/unterkunft\/\" data-type=\"page\" data-id=\"60\">Unterkunft<\/a><\/p>\n","protected":false},"excerpt":{"rendered":"<p>Ruhe. Kraft. Entspannung. Engadiner Sonne. Ein Turm \u2013 Ihr idealer R\u00fcckzugsort. \u00abNicht weit von diesem Schlosz Wildenberg steht auch noch der alte veste Thurn der Moren, welche der Gemeind zur Verwahrung ihres Gelds, Munition und Schriften dienet, auch bey sich begebende Occasionen zu einer Gef\u00e4ngnus. Dieser Thurn soll under der Erde beynache so tief seyn, &hellip; <\/p>\n<p class=\"link-more\"><a href=\"https:\/\/www.morenturm.ch\/\" class=\"more-link\"><span class=\"screen-reader-text\">&#171;Ein Turm mit langer Geschichte&#187;<\/span> weiterlesen<\/a><\/p>\n","protected":false},"author":1,"featured_media":0,"parent":0,"menu_order":0,"comment_status":"closed","ping_status":"open","template":"","meta":{"footnotes":""},"class_list":["post-2","page","type-page","status-publish","hentry","entry"],"_links":{"self":[{"href":"https:\/\/www.morenturm.ch\/index.php\/wp-json\/wp\/v2\/pages\/2","targetHints":{"allow":["GET"]}}],"collection":[{"href":"https:\/\/www.morenturm.ch\/index.php\/wp-json\/wp\/v2\/pages"}],"about":[{"href":"https:\/\/www.morenturm.ch\/index.php\/wp-json\/wp\/v2\/types\/page"}],"author":[{"embeddable":true,"href":"https:\/\/www.morenturm.ch\/index.php\/wp-json\/wp\/v2\/users\/1"}],"replies":[{"embeddable":true,"href":"https:\/\/www.morenturm.ch\/index.php\/wp-json\/wp\/v2\/comments?post=2"}],"version-history":[{"count":28,"href":"https:\/\/www.morenturm.ch\/index.php\/wp-json\/wp\/v2\/pages\/2\/revisions"}],"predecessor-version":[{"id":342,"href":"https:\/\/www.morenturm.ch\/index.php\/wp-json\/wp\/v2\/pages\/2\/revisions\/342"}],"wp:attachment":[{"href":"https:\/\/www.morenturm.ch\/index.php\/wp-json\/wp\/v2\/media?parent=2"}],"curies":[{"name":"wp","href":"https:\/\/api.w.org\/{rel}","templated":true}]}}

<p>Ruhe. Kraft. Entspannung. Engadiner Sonne. Ein Turm – Ihr idealer Rückzugsort.</p>



<figure class="wp-block-image size-large is-style-default"><img loading="lazy" decoding="async" width="1024" height="768" src="https://www.morenturm.ch/wp-content/uploads/2022/05/IMG_7691-1024x768.jpg" alt="" class="wp-image-306" srcset="https://www.morenturm.ch/wp-content/uploads/2022/05/IMG_7691-1024x768.jpg 1024w, https://www.morenturm.ch/wp-content/uploads/2022/05/IMG_7691-300x225.jpg 300w, https://www.morenturm.ch/wp-content/uploads/2022/05/IMG_7691-768x576.jpg 768w, https://www.morenturm.ch/wp-content/uploads/2022/05/IMG_7691-1536x1152.jpg 1536w, https://www.morenturm.ch/wp-content/uploads/2022/05/IMG_7691-2048x1536.jpg 2048w, https://www.morenturm.ch/wp-content/uploads/2022/05/IMG_7691-1568x1176.jpg 1568w" sizes="auto, (max-width: 1024px) 100vw, 1024px" /></figure>



<div class="wp-block-group"><div class="wp-block-group__inner-container is-layout-flow wp-block-group-is-layout-flow"></div></div>



<figure class="wp-block-pullquote"><blockquote><p>«Nicht weit von diesem Schlosz Wildenberg steht auch noch der alte veste Thurn der Moren, welche der Gemeind zur Verwahrung ihres Gelds, Munition und Schriften dienet, auch bey sich begebende Occasionen zu einer Gefängnus. Dieser Thurn soll under der Erde beynache so tief seyn, als ob der Erden.»</p><cite>Nicolin Sererhard, Einfalte Delineation, Eine Bündner Chronik aus dem frühen 18. Jahrhundert</cite></blockquote></figure>



<p>So beschrieb der Historiker Nicolin Sererhard den Morenturm im 18. Jahrhundert. Das genaue Baujahr des Turmes ist nicht bekannt. Vermutlich wurde er Mitte des 13. Jahrhunderts von der Familie Moor erstellt und ist damit älter als die Eidgenossenschaft. Noch um 1570 wurde er von einem Albert Moor bewohnt. Danach wurde er dem Verfall preisgegeben und später von der Gemeinde übernommen. Wie weit die Fundamente tatsächlich in den Boden reichen, darf der Fantasie überlassen werden, ebenso die Legende des unterirdischen Verbindungsganges zum Schloss Planta von Wildenberg. Bekannt und zugänglich sind die historischen Kellergewölbe mit den nur von oben zugänglichen Verliessen. Ausserdem charakteristisch ist der Absatz in der Aussenwand, der von einem Wiederaufbau ab dieser Höhe zeugt und auch heute noch im Innern erkennbar ist.</p>


<div class="wp-block-image">
<figure class="aligncenter size-full"><img loading="lazy" decoding="async" width="550" height="472" src="https://www.morenturm.ch/wp-content/uploads/2022/02/Plan_Burgenbuch.jpg" alt="" class="wp-image-165" srcset="https://www.morenturm.ch/wp-content/uploads/2022/02/Plan_Burgenbuch.jpg 550w, https://www.morenturm.ch/wp-content/uploads/2022/02/Plan_Burgenbuch-300x257.jpg 300w" sizes="auto, (max-width: 550px) 100vw, 550px" /><figcaption class="wp-element-caption">Grundriss und Querschnitt, Quelle: Burgenbuch Graubünden</figcaption></figure>
</div>


<p>Weiter Informationen zur Baugeschichte auf <a href="https://www.burgenwelt.org/schweiz/dalsmors/object.php" target="_blank" rel="noreferrer noopener">Burgenwelt.org</a></p>



<p></p>



<p>Seit 1959 befindet sich der Turm wiederum in privatem Familienbesitz und wurde in verschiedenen Etappen sorgfältig renoviert. Tauchen Sie ein in die historische Atmosphäre und geniessen Sie erholsame und inspirierende Tage im Engadin!</p>



<div class="wp-block-columns is-layout-flex wp-container-core-columns-is-layout-9d6595d7 wp-block-columns-is-layout-flex">
<div class="wp-block-column is-layout-flow wp-block-column-is-layout-flow">
<figure class="wp-block-image size-full"><a href="https://www.morenturm.ch/wp-content/uploads/2022/02/grafik-4.png"><img loading="lazy" decoding="async" width="684" height="912" src="https://www.morenturm.ch/wp-content/uploads/2022/02/grafik-4.png" alt="" class="wp-image-210" srcset="https://www.morenturm.ch/wp-content/uploads/2022/02/grafik-4.png 684w, https://www.morenturm.ch/wp-content/uploads/2022/02/grafik-4-225x300.png 225w" sizes="auto, (max-width: 684px) 100vw, 684px" /></a></figure>
</div>



<div class="wp-block-column is-layout-flow wp-block-column-is-layout-flow">
<figure class="wp-block-image size-full"><img loading="lazy" decoding="async" width="684" height="913" src="https://www.morenturm.ch/wp-content/uploads/2022/02/grafik-5.png" alt="" class="wp-image-211" srcset="https://www.morenturm.ch/wp-content/uploads/2022/02/grafik-5.png 684w, https://www.morenturm.ch/wp-content/uploads/2022/02/grafik-5-225x300.png 225w" sizes="auto, (max-width: 684px) 100vw, 684px" /></figure>
</div>



<div class="wp-block-column is-layout-flow wp-block-column-is-layout-flow">
<figure class="wp-block-image size-full"><img loading="lazy" decoding="async" width="682" height="910" src="https://www.morenturm.ch/wp-content/uploads/2022/02/grafik-6.png" alt="" class="wp-image-212" srcset="https://www.morenturm.ch/wp-content/uploads/2022/02/grafik-6.png 682w, https://www.morenturm.ch/wp-content/uploads/2022/02/grafik-6-225x300.png 225w" sizes="auto, (max-width: 682px) 100vw, 682px" /></figure>
</div>
</div>



<div class="wp-block-columns is-layout-flex wp-container-core-columns-is-layout-9d6595d7 wp-block-columns-is-layout-flex">
<div class="wp-block-column is-layout-flow wp-block-column-is-layout-flow">
<figure class="wp-block-image size-large"><img loading="lazy" decoding="async" width="768" height="1024" src="https://www.morenturm.ch/wp-content/uploads/2022/05/IMG_6954-768x1024.jpg" alt="Eingang" class="wp-image-249" srcset="https://www.morenturm.ch/wp-content/uploads/2022/05/IMG_6954-768x1024.jpg 768w, https://www.morenturm.ch/wp-content/uploads/2022/05/IMG_6954-225x300.jpg 225w, https://www.morenturm.ch/wp-content/uploads/2022/05/IMG_6954-1152x1536.jpg 1152w, https://www.morenturm.ch/wp-content/uploads/2022/05/IMG_6954-1536x2048.jpg 1536w, https://www.morenturm.ch/wp-content/uploads/2022/05/IMG_6954-1568x2091.jpg 1568w, https://www.morenturm.ch/wp-content/uploads/2022/05/IMG_6954-scaled.jpg 1920w" sizes="auto, (max-width: 768px) 100vw, 768px" /></figure>
</div>



<div class="wp-block-column is-layout-flow wp-block-column-is-layout-flow">
<figure class="wp-block-image size-full"><img loading="lazy" decoding="async" width="576" height="768" src="https://www.morenturm.ch/wp-content/uploads/2022/05/Turm_MuntBaselgia.jpg" alt="" class="wp-image-307" srcset="https://www.morenturm.ch/wp-content/uploads/2022/05/Turm_MuntBaselgia.jpg 576w, https://www.morenturm.ch/wp-content/uploads/2022/05/Turm_MuntBaselgia-225x300.jpg 225w" sizes="auto, (max-width: 576px) 100vw, 576px" /></figure>
</div>



<div class="wp-block-column is-layout-flow wp-block-column-is-layout-flow">
<figure class="wp-block-image size-full"><img loading="lazy" decoding="async" width="768" height="1024" src="https://www.morenturm.ch/wp-content/uploads/2022/05/IMG_7899-1.jpg" alt="" class="wp-image-305" srcset="https://www.morenturm.ch/wp-content/uploads/2022/05/IMG_7899-1.jpg 768w, https://www.morenturm.ch/wp-content/uploads/2022/05/IMG_7899-1-225x300.jpg 225w" sizes="auto, (max-width: 768px) 100vw, 768px" /></figure>
</div>
</div>



<p>Und so sieht&#8217;s aus: zur <a href="https://www.morenturm.ch/index.php/unterkunft/" data-type="page" data-id="60">Unterkunft</a></p>

<p>Ruhe. Kraft. Entspannung. Engadiner Sonne. Ein Turm – Ihr idealer Rückzugsort. «Nicht weit von diesem Schlosz Wildenberg steht auch noch der alte veste Thurn der Moren, welche der Gemeind zur Verwahrung ihres Gelds, Munition und Schriften dienet, auch bey sich begebende Occasionen zu einer Gefängnus. Dieser Thurn soll under der Erde beynache so tief seyn, &hellip; </p>
<p class="link-more"><a href="https://www.morenturm.ch/" class="more-link"><span class="screen-reader-text">&#171;Ein Turm mit langer Geschichte&#187;</span> weiterlesen</a></p>
